
533
Calculate the highest common factor of 2630 and 1929105.
1315
What is the greatest common factor of 1147717760 and 56?
56
What is the highest common divisor of 439316 and 2012?
4
Calculate the greatest common divisor of 1026692304 and 48.
48
What is the highest common divisor of 24088 and 5328?
8
Calculate the greatest common divisor of 160 and 9766264.
8
What is the greatest common factor of 269 and 52436977?
269
Calculate the highest common divisor of 1204566 and 27258.
66
Calculate the greatest common factor of 282575621 and 1263.
421
What is the greatest common factor of 3122880 and 1014?
6
Calculate the greatest common factor of 101707470 and 1968.
246
Calculate the greatest common divisor of 51935 and 533375.
85
What is the greatest common factor of 60 and 65440?
20
What is the greatest common factor of 60 and 26897700?
60
Calculate the highest common factor of 30 and 34844370.
30
Calculate the greatest common factor of 2045 and 47111892.
409
Calculate the highest common divisor of 371718688 and 220.
44
Calculate the highest common divisor of 44 and 64330046.
22
Calculate the highest common factor of 3870396 and 162.
54
What is the highest common divisor of 14448 and 62769?
21
Calculate the greatest common divisor of 152 and 25921187.
19
Calculate the highest common factor of 170 and 64983146.
34
What is the greatest common factor of 6265344 and 133632?
1536
What is the highest common divisor of 20 and 15835?
5
What is the greatest common factor of 6867 and 687?
3
What is the greatest common factor of 46314 and 60258?
498
What is the greatest common divisor of 5641376 and 104?
104
What is the highest common factor of 7556059 and 7?
7
Calculate the highest common divisor of 600 and 18676344.
24
What is the greatest common divisor of 2015 and 916305?
65
Calculate the greatest common factor of 317463 and 6141.
267
What is the greatest common divisor of 258723 and 59109?
969
What is the highest common divisor of 7997 and 84403?
11
Calculate the greatest common divisor of 856 and 28088249.
107
Calculate the highest common factor of 2388 and 38926191.
597
Calculate the highest common divisor of 506324 and 3202724.
2996
What is the greatest common divisor of 187960 and 483590?
370
What is the greatest common divisor of 281681 and 432617?
331
What is the greatest common divisor of 3377284 and 12?
4
Calculate the greatest common divisor of 259908 and 332940.
2148
Calculate the greatest common factor of 17019 and 545157.
549
What is the highest common divisor of 530036 and 1924?
52
Calculate the highest common divisor of 448740 and 1002780.
1620
Calculate the greatest common factor of 369720 and 35866.
158
What is the greatest common factor of 2346 and 25002138?
102
Calculate the greatest common divisor of 15050334 and 1536873.
6123
Calculate the greatest common divisor of 16254 and 19747854.
378
What is the greatest common factor of 4502668 and 7911628?
14204
What is the highest common divisor of 67868 and 12464?
76
Calculate the highest common factor of 17444052 and 76.
76
Calculate the greatest common factor of 1110 and 36109410.
1110
What is the greatest common divisor of 1555 and 24020?
5
Calculate the highest common factor of 12380744 and 152.
8
What is the greatest common factor of 738 and 5289738?
246
Calculate the highest common divisor of 482134233 and 21.
21
Calculate the highest common factor of 7645694 and 140.
14
Calculate the highest common factor of 120 and 9369260.
20
Calculate the highest common factor of 155250 and 8250.
750
Calculate the highest common divisor of 270480 and 368592.
336
What is the highest common divisor of 23955000 and 72?
24
Calculate the greatest common factor of 28506174 and 276.
6
What is the greatest common factor of 2597979870 and 90?
90
Calculate the greatest common factor of 380034 and 202.
2
Calculate the highest common factor of 84611634 and 29245.
5849
What is the greatest common factor of 25200 and 2925?
225
What is the greatest common factor of 184052 and 16?
4
What is the highest common factor of 2363437 and 228551?
523
Calculate the highest common factor of 46644 and 40619748.
3588
Calculate the highest common factor of 207 and 1837496979.
207
Calculate the greatest common factor of 47873619 and 227.
227
What is the greatest common divisor of 62569 and 4888?
13
Calculate the greatest common factor of 7482 and 96802.
58
What is the highest common factor of 135146200 and 350?
350
Calculate the greatest common divisor of 1610 and 165255.
115
Calculate the greatest common divisor of 1043540 and 1930.
10
What is the greatest common divisor of 121166 and 46966004?
2578
What is the greatest common factor of 3080 and 2125956?
28
What is the highest common factor of 2545134 and 6348?
138
What is the greatest common divisor of 2945 and 4322082?
589
What is the highest common divisor of 327050 and 1555070?
2110
What is the highest common factor of 8848 and 7834588?
316
What is the greatest common factor of 9557088 and 112096?
3616
What is the highest common divisor of 2790553 and 351679?
137
What is the highest common divisor of 440063617 and 133?
133
What is the greatest common divisor of 291 and 998658456?
291
Calculate the greatest common factor of 587520 and 895.
5
What is the highest common factor of 480896 and 2519296?
1664
Calculate the highest common factor of 2 and 67993.
1
What is the greatest common factor of 16 and 7215956?
4
Calculate the greatest common divisor of 58679112 and 24.
24
Calculate the greatest common factor of 2294713 and 15929.
937
What is the greatest common divisor of 1053619255 and 13?
13
What is the greatest common divisor of 349509 and 1475893?
113
What is the greatest common factor of 418 and 30093872?
38
What is the highest common factor of 301139210 and 10?
10
What is the highest common divisor of 99438 and 264?
6
Calculate the greatest common factor of 42142009 and 3549.
1183
What is the highest common factor of 1890800640 and 480?
480
What is the highest common factor of 71812250 and 34?
34
What is the highest common factor of 17163853 and 609?
203
Calculate the highest common factor of 7473 and 1680297.
141
Calculate the greatest common divisor of 41649885 and 55.
5
What is the highest common factor of 236678618 and 1298?
1298
Calculate the greatest common divisor of 142679978 and 14.
14
Calculate the highest common factor of 45513205 and 46.
23
Calculate the greatest common divisor of 34460343 and 579.
579
What is the highest common factor of 465233 and 16?
1
Calculate the greatest common factor of 1460 and 377045.
365
Calculate the highest common divisor of 3225 and 21629.
43
What is the greatest common divisor of 22 and 292312086?
22
Calculate the highest common divisor of 24376208 and 3216.
1072
Calculate the greatest common divisor of 1737578 and 1206.
134
What is the highest common divisor of 14723425 and 675?
25
Calculate the highest common divisor of 254799 and 259794.
27
What is the highest common factor of 2700 and 20358000?
2700
Calculate the highest common divisor of 44014 and 33158.
118
Calculate the highest common divisor of 670 and 235409726.
134
Calculate the highest common divisor of 3396 and 410820.
12
Calculate the greatest common divisor of 470960 and 41440.
560
What is the highest common divisor of 59495 and 33799?
73
What is the highest common factor of 44887507 and 422?
211
Calculate the highest common divisor of 242428 and 28564.
4
Calculate the highest common divisor of 2114640 and 8760.
120
Calculate the greatest common divisor of 3671673 and 492.
123
What is the highest common factor of 2072 and 5106703?
259
What is the highest common divisor of 24715 and 5763538?
4943
What is the greatest common factor of 140 and 9774880?
20
Calculate the greatest common factor of 39 and 51851319.
39
Calculate the greatest common divisor of 11577 and 49788818.
3859
Calculate the greatest common factor of 456 and 422512.
8
Calculate the greatest common factor of 1633660 and 1330.
70
Calculate the highest common factor of 548621734 and 1604.
802
Calculate the greatest common divisor of 94514 and 187222.
602
What is the highest common factor of 1099 and 80682?
7
Calculate the greatest common divisor of 3144177400 and 80.
40
What is the greatest common